atest common factor of 4 and s.
4
Let z be -1*60/(12/(-3)). Let o be 20/z*45/6. Let n = -977 + 1047. What is the greatest common factor of o and n?
10
Suppose 372235 = 168*f - 204845. What is the greatest common factor of 135 and f?
15
Let l be ((-7722)/(-572))/((-6)/(-4)). What is the greatest common divisor of 3078 and l?
9
Suppose -89*v - 46*v + 38368 = -25082. Calculate the greatest common factor of v and 30.
10
Suppose 0 = -8*q - 0*q + 384. Suppose -16*l + 34 = -14*l. Suppose 13*j + q = l*j. Calculate the greatest common divisor of j and 60.
12
Suppose 63 + 0 = 21*t. Let d(m) = 3*m**2 - 8*m + 24. Let y be d(t). Calculate the greatest common divisor of y and 9.
9
Suppose 0 = -3*z - 12, -179*z + 26420 = 3*w - 178*z. What is the highest common divisor of 24 and w?
24
Suppose 12 = 68*i - 62*i. Suppose 10*k - 5*k = 30. What is the greatest common factor of k and i?
2
Let a be 10/(-6)*(0 - 84). Let t = -963 - -1368. Suppose -3*f + a = -f - 4*x, -t = -5*f - x. What is the highest common factor of f and 10?
10
Suppose 0 = 12*w - 973 + 709. What is the greatest common factor of 319 and w?
11
Suppose -5*a + 0*a + 160 = 0. Let z be a/(1*(-1 - -3)). Let l(t) = 3*t - 4. Let w be l(4). What is the greatest common divisor of z and w?
8
Suppose 29 = -l + 2*l. Let h = 17 + 696. Suppose -4*n - n + 4*i + h = 0, -n = -3*i - 136. Calculate the highest common factor of l and n.
29
Suppose 132 = -22*d - 0*d. Let n be (19 - 271)*3/d. What is the highest common divisor of 168 and n?
42
Let v(a) = -4 + 59*a - 35*a - 32*a. Let w be v(-11). Let y = -76 + w. What is the greatest common factor of y and 1?
1
Let a = -4043 + 5149. What is the highest common divisor of a and 91?
7
Suppose -124 = 16*b - 21*b + 4*c, 5*b - 3*c - 123 = 0. Let w = b - -22. Calculate the highest common divisor of 345 and w.
23
Let n(i) = i**3 - 6*i**2 + 3*i + 9. Let z be n(8). Let j = -147787 - -147879. Calculate the highest common divisor of z and j.
23
Let d be (-10)/8*(-4)/(-1). Suppose -5*b = 2*b - 175. Let n be b/d + 2 - (-37 + 2). What is the greatest common divisor of n and 8?
8
Suppose -12145 = -29*y - 1009. Suppose -32*i = -33*i + y. What is the greatest common divisor of 36 and i?
12
Let t be (2/6)/(1/(-3)). Let g be (0 - 657)*((-5)/(-15))/t. Let d = g + -87. What is the highest common factor of d and 33?
33
Suppose -2*k - 10 + 64 = 0. Suppose k = q - 3*s, -132 = q - 5*q + 4*s. Let w be -6*19/(266/(-28)). Calculate the greatest common factor of w and q.
12
Suppose -54*h + 52*h - d = -780, -12 = 3*d. Calculate the highest common factor of 343 and h.
49
Let r be ((-54)/(-4))/((3/49)/((-3872)/(-847))). What is the greatest common divisor of r and 1288?
56
Let t(f) = -294*f + 1473. Let n be t(5). What is the highest common divisor of 834 and n?
3
Let q be (-4)/(2 - 0) + 128. Suppose 6*c - 7*c = -5*n + 741, -3*c - 743 = -5*n. Let k = -106 + n. What is the highest common divisor of q and k?
42
Let o = 241 + -154. Let m(y) = -2*y**2 + 18*y + 562. Let l be m(21). Calculate the highest common factor of l and o.
29
Let h(o) = o**3 - o**2 - 3*o + 10. Let x be h(2). Suppose -52 - x = -4*i. What is the greatest common factor of 15 and i?
15
Let m = 131 - 68. Suppose -3*r + m = 24. Let a be (-4 - 165/(-3)) + (2 - 1). Calculate the greatest common divisor of r and a.
13
Suppose -544 = -2*o - 6*o. Let u be ((-1)/2*5)/(1/(-2)). Suppose u*p - p = 136. Calculate the greatest common factor of p and o.
34
Let m = 95 - 87. Let n be ((-102)/24 - -5)/((-6)/(-64)). Calculate the highest common divisor of n and m.
8
Suppose 4*k + 56 = -468. Let q = 203 + k. Calculate the greatest common divisor of q and 36.
36
Let q be (-16)/20 - (-46)/(-5). Let s be (48/30)/((-4)/q). Let t be (21/(-12))/((-1)/s). What is the greatest common divisor of 28 and t?
7
Let x = -2942 - -6616. Calculate the greatest common divisor of x and 22.
22
Suppose 8*p - 6 = -3*f + 5*p, -4*f + 1 = -3*p. Let q = 170 + -167. What is the highest common divisor of q and f?
1
Let k(x) = -72*x - 85. Let l be k(-9). Suppose 5*z = 2*q - 229, -l = -55*q + 50*q + 3*z. What is the highest common divisor of 24 and q?
8
Suppose -5*u + 2*j - 140 = -7*u, -5*u + 350 = 2*j. Suppose 5*r + c = -c + 42, -r + c + 14 = 0. Calculate the greatest common factor of u and r.
10
Suppose a - 3*n - 11 = 0, -n + 4*n + 23 = -2*a. Let f be 8/(a/6*1/(-4)). What is the greatest common divisor of f and 528?
48
Let i(k) = -k**2 - k + 44. Let t(r) = r + 1. Let a be t(-1). Let o be i(a). Suppose 236*c - 232*c = 264. Calculate the highest common divisor of o and c.
22
Suppose 154 = 9*j - 71. Let o be (-6)/21 - (-2)/7. Suppose o*k + j = k. Calculate the greatest common divisor of k and 10.
5
Let k = 6 - -3. Suppose -43*x + 48*x = -675. Let p = -117 - x. Calculate the greatest common factor of k and p.
9
Suppose 127*c + 20*c = 801 + 1110. Let s = 716 - 157. Calculate the highest common divisor of s and c.
13
Suppose 0 = 3*r + 5*k - 73 - 26, -r - 4*k = -12. What is the highest common divisor of 19552 and r?
16
Let g(j) = -4*j**2 + 87*j + 16. Let l be g(5). Calculate the greatest common divisor of l and 741.
39
Let w be 12 + -7 - 7*5. Let o be 62/10 - (-6)/w. Let v be (-4)/o*(17 - 29). Calculate the greatest common factor of 80 and v.
8
Let q be -1 + (3 - 0/2). Suppose -117 = -q*z - 3. Suppose 0 = 2*s - 3*w - 61, 0 = -4*s + 4*w - 15 + 147. What is the highest common divisor of s and z?
19
Let r(x) = x**3 + 6*x**2 - 2. Let z be r(-6). Let l be (z + 15/6)*0. Let o be -1 - ((-8)/4 + l)*72. What is the greatest common factor of o and 13?
13
Let q = -125 + 54. Let f = q - -75. Let x be 2*7 - 3*f/12. What is the greatest common divisor of 78 and x?
13
Let p = 18 + 0. Calculate the highest common factor of p and 2286.
18
Let s = -111 - -157. Suppose 5*t + 4*n - 91 = 131, 2*t = n + 94. Calculate the highest common divisor of s and t.
46
Suppose -19*t + 10558 + 557 = 0. Let u be (9/(-3))/((-4)/52). What is the greatest common divisor of t and u?
39
Suppose 0 = -3*b + 2*b + 1160. Suppose -4*h + b = 2*f - 2*h, 2*f = -5*h + 1175. Calculate the highest common factor of 23 and f.
23
Let a(p) = 35*p**2 - 3*p - 1. Let t be a(-2). Suppose 47*s - t = 42*s. What is the highest common divisor of 203 and s?
29
Suppose 122203 - 10558 = 60*s - 319215. Calculate the greatest common divisor of 43 and s.
43
Let q(m) = -m**2 + 58. Let p be q(0). Let r be -29 + (-1728)/(-60) + (-2)/((-10)/2321). Calculate the greatest common factor of p and r.
58
Suppose -2*b + z - 14856 = -8*b, 4*z = 2*b - 4952. Calculate the highest common factor of 12 and b.
4
Let t = 49 - 43. Let u(l) = 33*l + 11. Let j be u(3). Let d be j/33 - 2/t. What is the greatest common factor of 9 and d?
3
Suppose 0 = f + 2*n - 40, -4*f + 95 + 115 = -2*n. What is the highest common factor of f and 5650?
50
Let h = -441 + 25. Let s be (h/(-20))/(-4)*-30. Calculate the greatest common factor of 208 and s.
52
Let a(r) = -3*r - 3. Let o be a(3). Let d = -5 - o. Suppose 84*s = 81*s + 189. Calculate the greatest common factor of d and s.
7
Let h = 111 + -114. Let t be 5/(-2) + h/(-11 + 5). Let l(w) = -15*w - 27. Let k be l(t). What is the highest common divisor of k and 45?
3
Let l(g) = 44*g - 179. Let s be l(4). Let a be 239 + -12 - s/(-1). Calculate the highest common factor of 28 and a.
28
Let y be (11 - 32 - -15)/(6/(-68)). Calculate the highest common divisor of y and 39236.
68
Suppose 3*z - 2224 = -5*c, -3*c = z - 1026 + 290. Calculate the greatest common factor of 484 and z.
44
Let l(c) = c**3 + 20*c**2 - 61*c - 88. Let d be l(-22). What is the highest common divisor of d and 176?
22
Let d = 110 + -92. Suppose d*n = -0*n + 198. What is the greatest common factor of 11 and n?
11
Let c be 19 - (-4)/(((-80)/(-6))/(-10)). Suppose 0 = -9*b + 13*b - 96. What is the greatest common divisor of b and c?
8
Suppose 722 = 14*t + 5*t. Let i = 337 + -128. Calculate the highest common divisor of i and t.
19
Let d(h) be the second derivative of -h**3/6 + 7*h**2/2 - 2*h + 9. Let m be d(3). What is the highest common divisor of m and 32?
4
Suppose p + 17*u - 590 = 15*u, -p + 583 = -5*u. Calculate the highest common factor of 156 and p.
12
Let g(u) be the first derivative of u**4/2 - 11*u**3/3 + 11*u**2/2 - 8*u + 97. Let c be g(9). Calculate the highest common divi